actors of 122035.
5, 24407
List the prime factors of 12659372.
2, 11, 43, 6691
What are the prime factors of 690484?
2, 53, 3257
List the prime factors of 24578331.
3, 353, 23209
List the prime factors of 160328.
2, 7, 409
What are the prime factors of 285519?
3, 13, 7321
What are the prime factors of 3351455?
5, 53, 12647
List the prime factors of 60950.
2, 5, 23, 53
What are the prime factors of 7096551?
3, 7, 11, 31, 991
List the prime factors of 1336447.
7, 190921
What are the prime factors of 14284?
2, 3571
What are the prime factors of 14492509?
577, 25117
What are the prime factors of 1976079?
3, 7, 94099
List the prime factors of 309759.
3, 79, 1307
List the prime factors of 1916306.
2, 7, 136879
List the prime factors of 211307.
37, 5711
What are the prime factors of 404927?
29, 13963
List the prime factors of 1061566.
2, 11, 73, 661
List the prime factors of 3285051.
3, 7, 11, 14221
List the prime factors of 156389.
19, 8231
List the prime factors of 2373772.
2, 37, 43, 373
List the prime factors of 6232175.
5, 249287
List the prime factors of 5194.
2, 7, 53
What are the prime factors of 421424?
2, 26339
What are the prime factors of 88463?
88463
What are the prime factors of 223043?
67, 3329
What are the prime factors of 3895835?
5, 389, 2003
What are the prime factors of 2031107?
13, 23, 6793
List the prime factors of 8409737.
7, 71, 16921
What are the prime factors of 3987542?
2, 13, 103, 1489
List the prime factors of 2435978.
2, 1217989
What are the prime factors of 304014?
2, 3, 23, 2203
List the prime factors of 418211.
37, 89, 127
What are the prime factors of 1298203?
83, 15641
List the prime factors of 2696964.
2, 3, 379, 593
What are the prime factors of 21829?
83, 263
List the prime factors of 459722.
2, 53, 4337
What are the prime factors of 26949945?
3, 5, 11, 233, 701
List the prime factors of 1377359.
1377359
List the prime factors of 454224.
2, 3, 9463
List the prime factors of 65958.
2, 3, 10993
What are the prime factors of 60304?
2, 3769
List the prime factors of 485893.
485893
List the prime factors of 140435.
5, 28087
List the prime factors of 10958001.
3, 163, 22409
What are the prime factors of 9566376?
2, 3, 17, 23447
List the prime factors of 4368831.
3, 73, 19949
List the prime factors of 13138755.
3, 5, 7, 125131
What are the prime factors of 2799971?
1193, 2347
What are the prime factors of 1841?
7, 263
What are the prime factors of 2383864?
2, 7, 42569
List the prime factors of 617381.
29, 61, 349
What are the prime factors of 343358?
2, 171679
What are the prime factors of 586834?
2, 19, 15443
List the prime factors of 154772.
2, 38693
What are the prime factors of 454470?
2, 3, 5, 15149
List the prime factors of 2074134.
2, 3, 345689
What are the prime factors of 7312313?
67, 109139
List the prime factors of 3643562.
2, 13, 43, 3259
List the prime factors of 2390147.
2390147
What are the prime factors of 272347?
272347
What are the prime factors of 1060408?
2, 83, 1597
List the prime factors of 509642.
2, 7, 59, 617
List the prime factors of 4460569.
349, 12781
What are the prime factors of 3787262?
2, 631, 3001
What are the prime factors of 107427?
3, 35809
List the prime factors of 5465426.
2, 19, 143827
List the prime factors of 29965295.
5, 5993059
What are the prime factors of 4225170?
2, 3, 5, 140839
What are the prime factors of 550397?
499, 1103
What are the prime factors of 1166858?
2, 7, 11, 7577
List the prime factors of 219769.
11, 19979
List the prime factors of 7044540.
2, 3, 5, 137, 857
List the prime factors of 5931923.
5931923
What are the prime factors of 26278661?
26278661
What are the prime factors of 11494204?
2, 23, 101, 1237
What are the prime factors of 4207449?
3, 17, 82499
List the prime factors of 281661.
3, 93887
What are the prime factors of 32224020?
2, 3, 5, 537067
List the prime factors of 7665170.
2, 5, 19, 40343
List the prime factors of 2802229.
17, 164837
List the prime factors of 199086.
2, 3, 33181
List the prime factors of 1347727.
19, 89, 797
List the prime factors of 3358189.
239, 14051
List the prime factors of 150914.
2, 61, 1237
What are the prime factors of 8320584?
2, 3, 83, 4177
What are the prime factors of 111578?
2, 47, 1187
List the prime factors of 8225338.
2, 11, 41, 829
What are the prime factors of 1673992?
2, 209249
What are the prime factors of 10770134?
2, 5385067
What are the prime factors of 216496?
2, 7, 1933
What are the prime factors of 11224802?
2, 2207, 2543
List the prime factors of 1391715.
3, 5, 13, 61
What are the prime factors of 19181263?
19181263
What are the prime factors of 337926?
2, 3, 17, 3313
What are the prime factors of 721094?
2, 11, 73, 449
What are the prime factors of 473014?
2, 236507
List the prime factors of 262112.
2, 8191
What are the prime factors of 763181?
17, 44893
List the prime factors of 6851729.
59, 116131
List the prime factors of 11109556.
2, 773, 3593
What are the prime factors of 3026543?
13, 232811
List the prime factors of 6407065.
5, 7, 183059
List the prime factors of 453342.
2, 3, 75557
What are the prime factors of 1521884?
2, 7, 13, 37, 113
List the prime factors of 783703.
783703
What are the prime factors of 161019?
3, 17891
List the prime factors of 451054.
2, 225527
What are the prime factors of 148058?
2, 181, 409
What are the prime factors of 4497254?
2, 211, 10657
List the prime factors of 2326421.
2326421
List the prime factors of 8098062.
2, 3, 7, 192811
What are the prime factors of 9974470?
2, 5, 11, 90677
List the prime factors of 57855.
3, 5, 7, 19, 29
What are the prime factors of 2850206?
2, 23, 61961
List the prime factors of 162014.
2, 59, 1373
List the prime factors of 754078.
2, 13, 23, 97
What are the prime factors of 521695?
5, 103, 1013
What are the prime factors of 144110?
2, 5, 14411
List the prime factors of 2590332.
2, 3, 73, 2957
What are the prime factors of 181848?
2, 3, 7577
List the prime factors of 2127078.
2, 3, 118171
List the prime factors of 2826522.
2, 3, 17, 3079
What are the prime factors of 3022520?
2, 5, 19, 41, 97
What are the prime factors of 662538?
2, 3, 23, 4801
List the prime factors of 909179.
29, 107, 293
List the prime factors of 707600.
2, 5, 29, 61
List the prime factors of 3798677.
3798677
What are the prime factors of 2344121?
13, 180317
List the prime factors of 1893276.
2, 3, 7, 11, 683
List the prime factors of 3914055.
3, 5, 79, 367
What are the prime factors of 378784?
2, 7, 19, 89
What are the prime factors of 6778432?
2, 105913
List the prime factors of 380546.
2, 149, 1277
List the prime factors of 2038248.
2, 3, 28309
What are the prime factors of 112380?
2, 3, 5, 1873
List the prime factors of 112196.
2, 7, 4007
What are the prime factors of 4213446?
2, 3, 107, 6563
List the prime factors of 225026.
2, 59, 1907
What are the prime factors of 29792?
2, 7, 19
List the prime factors of 744329.
37, 20117
List the prime factors of 7907795.
5, 7, 101, 2237
List the prime factors of 5364790.
2, 5, 536479
List the prime factors of 242646.
2, 3, 37, 1093
List the prime factors of 144324.
2, 3, 19, 211
List the prime factors of 1613356.
2, 403339
What are the prime factors of 648520?
2, 5, 31, 523
List the prime factors of 28063478.
2, 14031739
List the prime factors of 1712035.
5, 13, 26339
What are the prime factors of 2153946?
2, 3, 29, 12379
List the prime factors of 2727662.
2, 7, 23, 43, 197
What are the prime factors of 2106334?
2, 17, 41, 1511
What are the prime factors of 2268953?
499, 4547
What are the prime factors of 24278780?
2, 5, 1213939
What are the prime factors of 5107026?
2, 3, 851171
List the prime factors of 233187.
3, 19, 4091
List the prime factors of 685425.
3, 5, 13, 19, 37
List the prime factors of 1462976.
2, 22859
What are the prime factors of 315635?
5, 63127
What are the prime factors of 19366940?
2, 5, 31, 31237
List the prime factors of 152049.
3, 50683
List the prime factors of 471902.
2, 235951
List the prime factors of 7931634.
2, 3, 1321939
List the prime factors of 160198.
2, 173, 463
List the prime factors of 81741.
3, 11, 2477
List the prime factors of 19394.
2, 9697
List the prime factors of 466534.
2, 233267
List the prime factors of 1377116.
2, 13, 71, 373
List the prime factors of 3229584.
2, 3, 6